{"id":137,"date":"2015-11-10T12:10:38","date_gmt":"2015-11-10T11:10:38","guid":{"rendered":"http:\/\/www.larchivolte.fr\/?page_id=137"},"modified":"2024-02-12T21:57:44","modified_gmt":"2024-02-12T20:57:44","slug":"alors-dansez-maintenant","status":"publish","type":"page","link":"https:\/\/www.larchivolte.fr\/?page_id=137","title":{"rendered":"Versailles, 1714"},"content":{"rendered":"\n<div class=\"wp-block-columns is-layout-flex wp-container-core-columns-layout-2 wp-block-columns-is-layout-flex\">\n<div class=\"wp-block-column is-layout-flow wp-block-column-is-layout-flow\">\n<p><em>Soir\u00e9e \u00e0 la bougie, au c\u0153ur des appartements royaux de Versailles, en 1714\u2026<\/em><\/p>\n\n\n\n<p>Le temps d&rsquo;une soir\u00e9e, suivez les pas de Louis XIV, le grand monarque, le bien nomm\u00e9 Roi Soleil : danseur passionn\u00e9, grand m\u00e9lomane, protecteur des arts, il a marqu\u00e9 la vie aristocratique et artistique de Versailles, en sachant s&rsquo;entourer des talents de son temps. Les compositeurs de la chambre du roi, les dramaturges, les \u00e9crivains, mais aussi les valets et autres ma\u00eetres d&rsquo;armes\u2026 tous les g\u00e9nies de la cour ont particip\u00e9 \u00e0 leur mani\u00e8re \u00e0 la vie quotidienne du roi.<\/p>\n\n\n\n<p>Ce concert, \u00e9clair\u00e9 \u00e0 la bougie, propose de mettre en \u00e9cho des \u0153uvres musicales et de grands textes de l&rsquo;\u00e9poque, dressant le portrait d&rsquo;un roi soleil tout \u00e0 la fois fascinant et humain.<\/p>\n\n\n\n<div class=\"wp-block-columns is-layout-flex wp-container-core-columns-layout-1 wp-block-columns-is-layout-flex\">\n<div class=\"wp-block-column is-layout-flow wp-block-column-is-layout-flow\" style=\"flex-basis:33.33%\">\n<figure class=\"wp-block-image size-full\"><img loading=\"lazy\" decoding=\"async\" width=\"500\" height=\"500\" src=\"https:\/\/www.larchivolte.fr\/wp-content\/uploads\/2024\/02\/versailles_1714.jpg\" alt=\"\" class=\"wp-image-808\" srcset=\"https:\/\/www.larchivolte.fr\/wp-content\/uploads\/2024\/02\/versailles_1714.jpg 500w, https:\/\/www.larchivolte.fr\/wp-content\/uploads\/2024\/02\/versailles_1714-300x300.jpg 300w, https:\/\/www.larchivolte.fr\/wp-content\/uploads\/2024\/02\/versailles_1714-150x150.jpg 150w, https:\/\/www.larchivolte.fr\/wp-content\/uploads\/2024\/02\/versailles_1714-250x250.jpg 250w, https:\/\/www.larchivolte.fr\/wp-content\/uploads\/2024\/02\/versailles_1714-174x174.jpg 174w\" sizes=\"(max-width: 500px) 100vw, 500px\" \/><\/figure>\n<\/div>\n\n\n\n<div class=\"wp-block-column is-layout-flow wp-block-column-is-layout-flow\" style=\"flex-basis:66.66%\">\n<ul class=\"cartel-list\">\n<li><em>Marie Lerbret<\/em> &#8211; fl\u00fbte \u00e0 bec<\/li>\n\n\n\n<li><em>Louise Bouedo-Mallet<\/em> &#8211; viole de gambe<\/li>\n\n\n\n<li><em>Mathilde Blaineau<\/em> &#8211; clavecin<\/li>\n\n\n\n<li><em>J\u00e9r\u00e9my Bertin<\/em>, r\u00e9citant<\/li>\n<\/ul>\n<\/div>\n<\/div>\n<\/div>\n\n\n\n<div class=\"wp-block-column is-layout-flow wp-block-column-is-layout-flow\">\n<p>Oeuvres de :<\/p>\n\n\n\n<ul>\n<li>F. Couperin<\/li>\n\n\n\n<li>M. Marais<\/li>\n\n\n\n<li>J.-M. Hotteterre<\/li>\n\n\n\n<li>M.-R. de Lalande<\/li>\n\n\n\n<li>M. Pignolet de Mont\u00e9clair<\/li>\n<\/ul>\n\n\n\n<p>Textes du duc de Saint-Simon, de N. de Bonnefons, du P\u00e8re Pomey.<\/p>\n\n\n\n<figure class=\"wp-block-embed is-type-video is-provider-youtube wp-block-embed-youtube wp-embed-aspect-16-9 wp-has-aspect-ratio\"><div class=\"wp-block-embed__wrapper\">\n<iframe loading=\"lazy\"  id=\"_ytid_23088\"  width=\"640\" height=\"360\"  data-origwidth=\"640\" data-origheight=\"360\" src=\"https:\/\/www.youtube.com\/embed\/C8g-TC7KFPI?enablejsapi=1&#038;autoplay=0&#038;cc_load_policy=0&#038;cc_lang_pref=&#038;iv_load_policy=1&#038;loop=0&#038;modestbranding=0&#038;rel=1&#038;fs=1&#038;playsinline=0&#038;autohide=2&#038;theme=dark&#038;color=red&#038;controls=1&#038;\" class=\"__youtube_prefs__  epyt-is-override  no-lazyload\" title=\"YouTube player\"  allow=\"fullscreen; accelerometer; autoplay; clipboard-write; encrypted-media; gyroscope; picture-in-picture\" allowfullscreen data-no-lazy=\"1\" data-skipgform_ajax_framebjll=\"\"><\/iframe>\n<\/div><\/figure>\n<\/div>\n<\/div>\n","protected":false},"excerpt":{"rendered":"<p>Soir\u00e9e \u00e0 la bougie, au c\u0153ur des appartements royaux de Versailles, en 1714\u2026 Le temps d&rsquo;une soir\u00e9e, suivez les pas de Louis XIV, le grand monarque, le bien nomm\u00e9 Roi Soleil : danseur passionn\u00e9, grand m\u00e9lomane, protecteur des arts, il a marqu\u00e9 la vie aristocratique et artistique de Versailles, en sachant s&rsquo;entourer des talents de<a href=\"https:\/\/www.larchivolte.fr\/?page_id=137\"> [&hellip;]<\/a><\/p>\n","protected":false},"author":1,"featured_media":808,"parent":27,"menu_order":0,"comment_status":"closed","ping_status":"closed","template":"template-fullwidth.php","meta":{"footnotes":""},"_links":{"self":[{"href":"https:\/\/www.larchivolte.fr\/index.php?rest_route=\/wp\/v2\/pages\/137"}],"collection":[{"href":"https:\/\/www.larchivolte.fr\/index.php?rest_route=\/wp\/v2\/pages"}],"about":[{"href":"https:\/\/www.larchivolte.fr\/index.php?rest_route=\/wp\/v2\/types\/page"}],"author":[{"embeddable":true,"href":"https:\/\/www.larchivolte.fr\/index.php?rest_route=\/wp\/v2\/users\/1"}],"replies":[{"embeddable":true,"href":"https:\/\/www.larchivolte.fr\/index.php?rest_route=%2Fwp%2Fv2%2Fcomments&post=137"}],"version-history":[{"count":24,"href":"https:\/\/www.larchivolte.fr\/index.php?rest_route=\/wp\/v2\/pages\/137\/revisions"}],"predecessor-version":[{"id":812,"href":"https:\/\/www.larchivolte.fr\/index.php?rest_route=\/wp\/v2\/pages\/137\/revisions\/812"}],"up":[{"embeddable":true,"href":"https:\/\/www.larchivolte.fr\/index.php?rest_route=\/wp\/v2\/pages\/27"}],"wp:featuredmedia":[{"embeddable":true,"href":"https:\/\/www.larchivolte.fr\/index.php?rest_route=\/wp\/v2\/media\/808"}],"wp:attachment":[{"href":"https:\/\/www.larchivolte.fr\/index.php?rest_route=%2Fwp%2Fv2%2Fmedia&parent=137"}],"curies":[{"name":"wp","href":"https:\/\/api.w.org\/{rel}","templated":true}]}}

<div class="wp-block-columns is-layout-flex wp-container-core-columns-layout-2 wp-block-columns-is-layout-flex">
<div class="wp-block-column is-layout-flow wp-block-column-is-layout-flow">
<p><em>Soirée à la bougie, au cœur des appartements royaux de Versailles, en 1714…</em></p>



<p>Le temps d&rsquo;une soirée, suivez les pas de Louis XIV, le grand monarque, le bien nommé Roi Soleil : danseur passionné, grand mélomane, protecteur des arts, il a marqué la vie aristocratique et artistique de Versailles, en sachant s&rsquo;entourer des talents de son temps. Les compositeurs de la chambre du roi, les dramaturges, les écrivains, mais aussi les valets et autres maîtres d&rsquo;armes… tous les génies de la cour ont participé à leur manière à la vie quotidienne du roi.</p>



<p>Ce concert, éclairé à la bougie, propose de mettre en écho des œuvres musicales et de grands textes de l&rsquo;époque, dressant le portrait d&rsquo;un roi soleil tout à la fois fascinant et humain.</p>



<div class="wp-block-columns is-layout-flex wp-container-core-columns-layout-1 wp-block-columns-is-layout-flex">
<div class="wp-block-column is-layout-flow wp-block-column-is-layout-flow" style="flex-basis:33.33%">
<figure class="wp-block-image size-full"><img loading="lazy" decoding="async" width="500" height="500" src="https://www.larchivolte.fr/wp-content/uploads/2024/02/versailles_1714.jpg" alt="" class="wp-image-808" srcset="https://www.larchivolte.fr/wp-content/uploads/2024/02/versailles_1714.jpg 500w, https://www.larchivolte.fr/wp-content/uploads/2024/02/versailles_1714-300x300.jpg 300w, https://www.larchivolte.fr/wp-content/uploads/2024/02/versailles_1714-150x150.jpg 150w, https://www.larchivolte.fr/wp-content/uploads/2024/02/versailles_1714-250x250.jpg 250w, https://www.larchivolte.fr/wp-content/uploads/2024/02/versailles_1714-174x174.jpg 174w" sizes="(max-width: 500px) 100vw, 500px" /></figure>
</div>



<div class="wp-block-column is-layout-flow wp-block-column-is-layout-flow" style="flex-basis:66.66%">
<ul class="cartel-list">
<li><em>Marie Lerbret</em> &#8211; flûte à bec</li>



<li><em>Louise Bouedo-Mallet</em> &#8211; viole de gambe</li>



<li><em>Mathilde Blaineau</em> &#8211; clavecin</li>



<li><em>Jérémy Bertin</em>, récitant</li>
</ul>
</div>
</div>
</div>



<div class="wp-block-column is-layout-flow wp-block-column-is-layout-flow">
<p>Oeuvres de :</p>



<ul>
<li>F. Couperin</li>



<li>M. Marais</li>



<li>J.-M. Hotteterre</li>



<li>M.-R. de Lalande</li>



<li>M. Pignolet de Montéclair</li>
</ul>



<p>Textes du duc de Saint-Simon, de N. de Bonnefons, du Père Pomey.</p>



<figure class="wp-block-embed is-type-video is-provider-youtube wp-block-embed-youtube wp-embed-aspect-16-9 wp-has-aspect-ratio"><div class="wp-block-embed__wrapper">
<iframe loading="lazy"  id="_ytid_23088"  width="640" height="360"  data-origwidth="640" data-origheight="360" src="https://www.youtube.com/embed/C8g-TC7KFPI?enablejsapi=1&#038;autoplay=0&#038;cc_load_policy=0&#038;cc_lang_pref=&#038;iv_load_policy=1&#038;loop=0&#038;modestbranding=0&#038;rel=1&#038;fs=1&#038;playsinline=0&#038;autohide=2&#038;theme=dark&#038;color=red&#038;controls=1&#038;" class="__youtube_prefs__  epyt-is-override  no-lazyload" title="YouTube player"  allow="fullscreen; accelerometer; autoplay; clipboard-write; encrypted-media; gyroscope; picture-in-picture" allowfullscreen data-no-lazy="1" data-skipgform_ajax_framebjll=""></iframe>
</div></figure>
</div>
</div>

<p>Soirée à la bougie, au cœur des appartements royaux de Versailles, en 1714… Le temps d&rsquo;une soirée, suivez les pas de Louis XIV, le grand monarque, le bien nommé Roi Soleil : danseur passionné, grand mélomane, protecteur des arts, il a marqué la vie aristocratique et artistique de Versailles, en sachant s&rsquo;entourer des talents de<a href="https://www.larchivolte.fr/?page_id=137"> [&hellip;]</a></p>
